ose 0 = -r - i + 18. Calculate the greatest common factor of r and 44.
11
Suppose 0 = 2*q + q + 3. Let v = q - -37. What is the highest common divisor of 4 and v?
4
Let q(y) = -y + 7. Let j be q(3). Suppose -5*l = -2*t - 0*t - 99, 4*t = l - 9. Suppose l + 3 = j*k. Calculate the highest common divisor of k and 24.
6
Let h be -1 - (1 - (-1 + 58)). Suppose -t = 3*t - 20. What is the greatest common factor of t and h?
5
Let i = 120 + -25. What is the greatest common divisor of 19 and i?
19
Suppose c + 2*r = 2*c - 104, 5*c - 478 = -4*r. Calculate the greatest common factor of 14 and c.
14
Let d(o) = 9*o**3 - 1. Let f be (2 - 3)*(-4 - -1). Suppose -3*j + 2*a + 2*a + f = 0, a = 0. Let b be d(j). Calculate the greatest common factor of b and 8.
8
Suppose -14*f = -10*f - 100. Suppose -16 = -2*o - 2*o. Let b be (-32)/(-3) - o/6. What is the greatest common factor of b and f?
5
Let v(p) = -10*p + 2. Let r be v(3). Let a = -15 - r. What is the highest common divisor of 39 and a?
13
Suppose b = 4*b - 21. Let o = -9 + 3. Let m be 372/27 - o/27. What is the greatest common factor of m and b?
7
Let t(q) = 5*q**2 - 9*q + 9. Let w be t(9). Calculate the greatest common divisor of w and 37.
37
Suppose 0 = 4*o + 16, -5*o - 47 = 5*m + 323. Let x = m - -150. What is the highest common divisor of x and 32?
16
Suppose -7*f + 15 = -2*f. Suppose -f = -k + 1. Suppose 0 = 2*t + k*z - 3*z - 5, 5*t = 4*z + 19. What is the greatest common factor of 3 and t?
3
Let i be 6*(5 + -1)/(-2). Let p = 9 - i. Let k(h) = 2*h**3 - h**2 - 2*h - 1. Let q be k(2). What is the greatest common divisor of p and q?
7
Suppose 5*c - 69 = 41. Calculate the highest common divisor of c and 33.
11
Let s(t) = t**3 - 14*t**2 + 15*t - 18. Let a be s(13). Calculate the greatest common factor of a and 2.
2
Suppose -4*d = d - 85. Suppose 7*h - 307 = 169. Calculate the highest common divisor of h and d.
17
Suppose -2*n + 0*s + 4*s = 14, 2*s - 17 = 3*n. Let d = 7 - n. What is the greatest common factor of d and 12?
12
Let o = 7 - -33. Suppose i - 4*i + 6 = 0. Let x(j) = 2*j**2 + j - 2. Let g be x(i). Calculate the greatest common factor of o and g.
8
Suppose -236*v + 8 = -234*v. What is the greatest common factor of 10 and v?
2
Let q be 0/1 + (-60)/(-3). Suppose 27 = -2*v + 5*v. Let n = q - v. Calculate the highest common divisor of n and 77.
11
Let n(q) = 44*q**2 - q + 2. Let c be n(1). Calculate the greatest common factor of c and 5.
5
Suppose m = 2*m - 10. Suppose -7*d + m = -2*d. Let i be (-3 + d)/(3/(-30)). What is the highest common factor of i and 50?
10
Suppose -2*m - 3*m + i + 124 = 0, 0 = -3*m + 4*i + 88. Let s be 2*-15*36/(-30). What is the greatest common factor of s and m?
12
Suppose -5*j - 26 = -3*g, 4*j = -2*g - 0*j - 12. Suppose 0 = -2*x - g*x + 736. Calculate the greatest common factor of 23 and x.
23
Let b be (90/4)/((-2)/(-4)). Calculate the greatest common divisor of 15 and b.
15
Let q(f) = -5*f**3 + 4*f**2 + 4*f + 3. Let x be q(-2). Suppose -3*h + 51 = -x. Suppose 4*v - 33 = 35. What is the highest common divisor of h and v?
17
Let j(d) = 0 + 3 + 0*d - 5 + d. Let n be j(6). Calculate the highest common divisor of 36 and n.
4
Let x be (3 - -1)*6/8. Suppose -x*c = 2*c - j - 145, 3*j + 105 = 4*c. Let w be (4/10)/(1/c). What is the greatest common factor of w and 6?
6
Let c be 34/(((-2)/(-1))/2). What is the highest common factor of 68 and c?
34
Suppose 4*c = 7 + 81. Calculate the greatest common divisor of c and 154.
22
Let p(u) = 27*u**3 - u**2. Let z be p(-1). Let c be z/(-8)*2*2. Calculate the greatest common factor of 112 and c.
14
Let n be ((-24)/(-14) - (-16)/56) + -1. What is the greatest common factor of 1 and n?
1
Let z be (-174)/(-3) - ((-12)/4 + 1). Calculate the highest common factor of z and 20.
20
Suppose -u - 3*m + 8*m + 15 = 0, 4*u + 3*m - 14 = 0. Suppose 0 = 5*n - 25, u*q - 2*n - 70 = -0*q. What is the highest common factor of 144 and q?
16
Suppose 0*u - 240 = -3*u. Let l be 12/15*(-15)/6. Let j be 9 + (-2 - 6/l). Calculate the greatest common factor of j and u.
10
Let p(q) = -q**3 + 6*q**2 + 9*q - 2. Let r be p(6). Let z = 49 + 81. Calculate the highest common divisor of z and r.
26
Let h be (4 - 3) + 3 + 59. Calculate the greatest common factor of h and 42.
21
Let b be (21/(-9))/((-1)/21). Let p be (1*-10)/(-1*2). Suppose -k + 12 - 5 = -p*i, 0 = i. What is the greatest common divisor of k and b?
7
Let w = 11 - -3. Let b be (-2 + w/5)*5. Suppose b*i - 19 - 5 = 0. What is the highest common divisor of 30 and i?
6
Suppose 3*c - c = 12. What is the highest common factor of c and 14?
2
Let y(r) be the second derivative of -r**5/20 - r**4/12 + r**3/2 + 3*r**2/2 + 4*r. Let s be y(-3). What is the highest common factor of s and 12?
12
Suppose -240*v + 245*v - 85 = 0. Calculate the highest common factor of 272 and v.
17
Let s(h) = -h**2 - 12*h + 13. Let w be s(-9). Calculate the greatest common divisor of w and 200.
40
Suppose n - 3*n + 108 = 0. Let f = n + -12. What is the greatest common factor of f and 6?
6
Let r be (2 - 3) + (0 - -1). Let n = r - 2. Let f be (n/(-4))/((-4)/(-136)). Calculate the highest common factor of 17 and f.
17
Let v(b) = b**2 - 6*b - 4. Let g be v(-4). Let a be (1/(-2))/(5/(-40)). Calculate the greatest common divisor of g and a.
4
Suppose -3*i - 22 = -2*s + i, -55 = -5*s + 3*i. What is the greatest common divisor of s and 88?
11
Suppose -i = x - 130, -x + 260 = -0*i + 2*i. Suppose b + 4*b = i. Calculate the greatest common factor of 65 and b.
13
Let j = 12 + -7. Suppose -j*w + 4 = -1. What is the highest common divisor of w and 2?
1
Let w be (-2)/(-2 + 22/12). Let d = 649 - 625. Calculate the highest common factor of w and d.
12
Let l be 1*(2 + -6) - (-55 - 1). Calculate the highest common factor of 13 and l.
13
Let p be (2/(-4))/(3/(-78)). Suppose 0 = 3*i - 3*n - 12, -4*i + p + 0 = -n. Let u = 2 - -4. Calculate the greatest common divisor of i and u.
3
Let b be (77 - -2) + 0 + 1. Let r = 51 - 35. Let o = 26 - r. What is the highest common divisor of o and b?
10
Suppose 0*b - 2*b = 54. Let t = 38 + b. What is the greatest common divisor of t and 44?
11
Let f be (2 + 1)*260/6. Let m = 226 - f. What is the greatest common factor of 12 and m?
12
Let m = -22 + 24. What is the greatest common divisor of m and 18?
2
Let d(x) = x + 14. Let i be d(-9). Suppose -2*w - 2*w + 20 = 0. Calculate the highest common factor of i and w.
5
Let y = -28 - -199. Let q be 2*-1 + (2 - 29). Let u = 48 + q. Calculate the highest common divisor of y and u.
19
Let t be 1 - 4/12*0. Let d = t - -5. What is the greatest common divisor of d and 48?
6
Let o = 206 + 83. What is the highest common factor of o and 17?
17
Suppose -407 - 168 = -5*s. Let y = 154 - 108. Calculate the highest common divisor of y and s.
23
Suppose 0*p + 2*p + 16 = 0. Let f be 2/p - (-147)/12. Suppose -96 = 2*c - 3*c. What is the greatest common factor of f and c?
12
Suppose -26 = -4*p - 5*m, -p - 3*m + 39 = 4*p. Suppose g - 336 = 5*g. Let z be (g/p)/((-1)/3). Calculate the greatest common factor of 14 and z.
14
Let y be (-3)/(21/(-6) + 2). Let p(i) = i**2 - 4*i + 1. Let f be p(4). Let r be 15 - f/(-2)*y. What is the greatest common divisor of r and 32?
16
Let q(m) = 6*m**2 + 2*m - 3. Let u be q(2). Suppose -3*o = 2*o - u. Suppose 0 = -o*i - 0*i + 450. Calculate the highest common divisor of i and 10.
10
Let b = -5 + 0. Let f(g) = -5*g - 1. Let h be f(b). Let r = 7 + -1. Calculate the greatest common divisor of r and h.
6
Suppose 0 = 2*i + 5*z - 226, i = 5*i + 5*z - 442. Calculate the highest common divisor of 12 and i.
12
Let h = 16 + -26. Let q be 15/h*(-3 - -1). Suppose 71 = q*r + 20. Calculate the greatest common factor of r and 17.
17
Let p = -142 + 254. Calculate the highest common divisor of p and 14.
14
Let m = 5 + -2. Suppose 2*l + 66 = m*n, 2*n - 5 = n - 5*l. What is the highest common divisor of 30 and n?
10
Suppose 5*h - 4*z = 16, 4*h + 12 = -0*h - 3*z. Suppose h = 4*a - 2*s - 112, 4*a - 3*s = a + 84. What is the greatest common divisor of a and 4?
4
Suppose 2 = -3*m - 13. Let b be (-67)/(-5) + (-2)/5. Let f be b*(0 - m)*1. Calculate the greatest common factor of 26 and f.
13
Let k be 2/(-1)*1*-1. Suppose 2*m = 2*o - 26, o - m - k*m = 9. Calculate the greatest common divisor of 3 and o.
3
Sup